 common divisor of 136758 and 89286?
138
Calculate the highest common divisor of 3915 and 67877487.
783
What is the greatest common factor of 295 and 500531987?
59
What is the greatest common divisor of 31305 and 8625?
15
What is the highest common divisor of 237689657 and 274?
137
What is the greatest common factor of 5570642 and 976?
122
Calculate the highest common divisor of 73931 and 297902.
121
Calculate the greatest common factor of 629305 and 15.
5
Calculate the highest common factor of 45201 and 937365.
741
Calculate the highest common factor of 304 and 1339595.
19
What is the greatest common divisor of 6560 and 2570290?
410
What is the highest common divisor of 3024 and 4034268?
252
What is the highest common divisor of 63906452 and 1205?
241
Calculate the greatest common factor of 2787 and 126024.
3
Calculate the highest common divisor of 30488 and 437132.
412
What is the greatest common divisor of 658880 and 192328?
232
Calculate the greatest common factor of 9724446 and 104742.
414
Calculate the highest common divisor of 176 and 1234717.
11
Calculate the greatest common divisor of 270109 and 33887.
329
What is the greatest common factor of 1594280 and 1960?
40
What is the greatest common divisor of 176351 and 2045330?
427
What is the greatest common divisor of 598 and 7196585?
23
What is the greatest common divisor of 7440895 and 2008?
251
What is the highest common factor of 616 and 97794708?
44
What is the highest common factor of 45 and 69344199?
9
Calculate the greatest common divisor of 185628 and 5556.
12
Calculate the greatest common factor of 3128 and 20609219.
391
What is the greatest common divisor of 1200 and 1837488?
48
Calculate the highest common factor of 117 and 2338809642.
117
What is the greatest common divisor of 25980 and 84584385?
6495
What is the greatest common factor of 651 and 213099138?
21
What is the greatest common divisor of 18918172 and 21112?
364
Calculate the greatest common divisor of 10186701 and 63.
21
Calculate the highest common factor of 169446 and 60822.
186
What is the greatest common factor of 177021536 and 3252?
1084
Calculate the highest common divisor of 338548 and 89948.
452
Calculate the greatest common factor of 1181496 and 171.
57
Calculate the greatest common factor of 3959276686 and 1369.
1369
Calculate the highest common factor of 2576 and 94960376.
1288
What is the greatest common factor of 1820232 and 21303?
81
Calculate the greatest common factor of 3258 and 7605.
9
What is the greatest common divisor of 140 and 193111926?
14
What is the highest common divisor of 197207255 and 455?
35
Calculate the highest common divisor of 453 and 165012.
3
Calculate the highest common divisor of 3520240 and 28.
4
Calculate the highest common divisor of 2586024 and 117600.
1176
Calculate the highest common divisor of 291088 and 39208.
8
Calculate the highest common factor of 10 and 767248280.
10
What is the greatest common factor of 318876 and 20544?
12
Calculate the highest common factor of 22140 and 237267.
369
What is the highest common divisor of 2402712 and 615264?
5304
What is the greatest common factor of 28250514 and 18?
18
What is the greatest common divisor of 178752 and 18984?
168
What is the highest common divisor of 73923 and 615?
123
What is the highest common factor of 739497302 and 934?
934
What is the highest common factor of 592882405 and 2215?
2215
Calculate the highest common factor of 348409 and 992.
31
What is the greatest common divisor of 252768 and 497600?
32
Calculate the highest common divisor of 158773 and 332625.
887
Calculate the highest common divisor of 240 and 7262895.
15
What is the greatest common divisor of 282019606 and 22011?
7337
Calculate the greatest common factor of 84 and 5246612.
28
What is the highest common divisor of 38095920 and 1080?
1080
Calculate the highest common divisor of 2038736 and 27032.
872
What is the highest common factor of 4046 and 422618?
14
What is the highest common factor of 232140 and 8698680?
4380
What is the greatest common divisor of 17025541 and 2036?
509
Calculate the greatest common divisor of 40732308 and 12.
12
Calculate the greatest common divisor of 7255570 and 210.
70
Calculate the greatest common divisor of 434 and 1656392.
62
Calculate the greatest common divisor of 50186764 and 718.
718
Calculate the highest common factor of 321 and 138442378.
107
What is the highest common factor of 336832 and 2356?
76
Calculate the highest common factor of 7352091 and 54.
9
What is the highest common factor of 7951 and 1262?
1
What is the highest common factor of 72 and 704646?
18
What is the greatest common divisor of 105258 and 9008496?
1986
Calculate the greatest common factor of 2278440 and 10485.
45
What is the greatest common factor of 2440 and 136457?
61
Calculate the greatest common factor of 152790380 and 27020.
3860
Calculate the greatest common divisor of 682965 and 180.
45
Calculate the highest common factor of 1448 and 2906.
2
Calculate the greatest common divisor of 318588218 and 426.
142
What is the highest common divisor of 304 and 466776268?
76
Calculate the highest common divisor of 128 and 15044544.
64
Calculate the highest common divisor of 306 and 65187282.
102
Calculate the greatest common divisor of 1908 and 192288.
12
Calculate the highest common divisor of 3950256 and 272.
272
Calculate the greatest common divisor of 2135520926 and 238.
238
What is the greatest common divisor of 427272196 and 13340?
2668
Calculate the greatest common factor of 31 and 5723030311.
31
What is the greatest common divisor of 469684 and 19604?
116
Calculate the greatest common divisor of 412226 and 284.
142
What is the highest common divisor of 3305 and 75279968?
661
Calculate the greatest common factor of 24592696 and 18531.
2059
Calculate the highest common factor of 119501 and 2123424.
73
Calculate the greatest common factor of 15 and 86828115.
15
Calculate the highest common factor of 2790427 and 57264.
1193
Calculate the highest common factor of 430 and 14625418.
86
What is the highest common divisor of 1483027760 and 80?
80
Calculate the greatest common factor of 187737 and 16005.
33
What is the greatest common divisor of 351 and 6846593?
13
What is the highest common divisor of 44666640 and 153680?
9040
Calculate the greatest common factor of 138 and 2493982.
46
Calculate the greatest common divisor of 2476 and 278062228.
2476
What is the greatest common factor of 720 and 2070615?
15
Calculate the greatest common divisor of 1135344 and 132804.
2604
Calculate the greatest common factor of 1964466 and 672.
42
What is the highest common divisor of 83192 and 328?
8
Calculate the highest common factor of 34181 and 413513.
257
Calculate the highest common factor of 30968203 and 43537.
3349
What is the highest common factor of 4582 and 2095094299?
2291
Calculate the greatest common divisor of 354944 and 1363.
47
Calculate the greatest common divisor of 50301 and 32591.
23
Calculate the greatest common factor of 3304581 and 6993.
777
What is the highest common divisor of 418615 and 4310?
5
Calculate the greatest common factor of 82522794 and 6.
6
Calculate the highest common factor of 37325386 and 294.
14
Calculate the highest common factor of 4415 and 798408600.
4415
What is the greatest common divisor of 30657465 and 27120?
1695
What is the highest common divisor of 86 and 636908?
2
What is the greatest common factor of 85686 and 948?
6
What is the greatest common factor of 166560 and 4487751?
1041
Calculate the greatest common factor of 38803528 and 21784.
3112
What is the highest common divisor of 108214 and 1120281?
887
Calculate the highest common divisor of 1211996916 and 72.
36
Calculate the highest common factor of 1066 and 50128.
26
Calculate the greatest common divisor of 3184355 and 136.
17
What is the highest common factor of 910 and 2011919?
91
Calculate the highest common factor of 12340437 and 96903.
291
Calculate the highest common factor of 6969152 and 384.
64
What is the greatest common factor of 1456 and 137220832?
112
What is the highest common divisor of 68672476 and 10054?
914
Calculate the greatest common divisor of 291474 and 4032.
18
Calculate the greatest common divisor of 169 and 1881139.
169
C